g. Suppose -g*j = -179*j + 5588. Is j a composite number?
True
Let n(x) = -1049*x - 6. Let l = 16 - -19. Let v(k) = 6295*k + 35. Let z(g) = l*n(g) + 6*v(g). Is z(1) a composite number?
True
Let c(o) = 605*o**3 + o**2 - 6*o + 3. Is c(2) a composite number?
True
Is (44 - (52 + -14)) + (532972 - -1) a prime number?
False
Suppose 2*k = 5*t - 18, -2*t + 2*k + 2 + 10 = 0. Suppose t*f - 2*u = 3*u - 12, 0 = -f + u. Suppose 0*s = -f*s + 3284. Is s a composite number?
False
Let h = 812 - 459. Let y = 1711 - 1003. Let o = h + y. Is o composite?
False
Is 32/800 - 1293774/(-25) a composite number?
True
Suppose -3*p + 3*t = -5*p - 13, 4 = 4*t. Is (-405)/10*-62 + p a prime number?
True
Suppose -4*d + 5*d - 18207 = 5*c, -3*c + 127601 = 7*d. Is d prime?
False
Let t be (2/(-2))/((-8)/40). Let b(l) = -5 - t - 4*l**3 + 4*l - 6*l - 1 + 3*l**2. Is b(-8) a composite number?
True
Suppose -81*i + 4*m = -85*i + 44224, i - 4*m = 11041. Is i a composite number?
True
Let z(h) = h**3 - 39*h**2 - 104*h + 25. Let l be 6/((-48)/(-376)) + -3. Is z(l) composite?
True
Suppose 37820 = -12*g + 17*g. Suppose -4*h + 0*h = -g. Suppose -4*m = -0*f + 3*f - 1903, m = -3*f + h. Is f prime?
False
Let n = 69 + -49. Suppose -n*v + 1873 = -27747. Let d = 2674 - v. Is d composite?
False
Suppose 0 = 1838*x - 1808*x - 36794 - 40396. Is x a composite number?
True
Let a(p) = -13 + 4*p + 5*p + p**2 + 8*p. Let k be a(-18). Suppose -4*u + 681 = j, -u = 2*j - k*u - 1350. Is j a prime number?
True
Let a be (-70)/(-8)*(4 + 0). Let y be (-14)/a - (1 - 414/10). Suppose 37*l - y*l = -7707. Is l prime?
False
Suppose -3*b = -3*r - 53310, 4 = -6*r + 7*r. Suppose 2*d = -3*f + b, f - 2126 = -5*d + 3816. Suppose f + 138 = 12*x. Is x composite?
True
Let i(v) = 2*v**2 + 3*v - 21. Let p be i(32). Suppose -12*l - p = -31559. Is l composite?
True
Is (93 - -581639)/(4/(1/1)) a prime number?
True
Let g be (22/8)/(20/(-880)). Let w be 1 + 0 + -3 - (g + 29). Is (-12)/w - (-23014)/30 prime?
False
Suppose 3*s = 9 + 3, 2*h = 3*s - 3692. Let u = 1516 - h. Suppose 4*k - x - u = 0, 0*x - 3356 = -4*k - 5*x. Is k a composite number?
False
Suppose -7*s + 9*s = 12176 + 48410. Is s a prime number?
True
Let k = 591 - 285. Suppose -16*i + 11*i + 20 = 0. Suppose -u + 627 = i*t, 2*t - k = 2*u - 4*u. Is t composite?
True
Is -3 + 6 - (5187234/(-4) + 12/24) composite?
True
Let p = -3372 - -6934. Let q = -1459 + p. Is q composite?
True
Let u(p) = -3802*p + 174. Let y be u(-16). Suppose 3*g - y = -19*g. Is g prime?
False
Let q(a) = 76940*a**2 - 75*a + 78. Is q(1) a composite number?
False
Let x(r) = 59*r**2 - 143*r + 41. Is x(46) prime?
False
Let f(w) = -w - 18. Let s be f(-2). Is ((-3882)/(-8))/((-6)/s) prime?
False
Let v(j) = j**2 + 3*j - 5. Let w be v(-9). Let f = w - 45. Suppose f*z - 993 = z. Is z prime?
True
Let g = 1415 - 380. Suppose 7*s + 3*a - 621 = 4*s, 5*s - 3*a = g. Suppose 2*n = 1381 + s. Is n a composite number?
True
Let z(y) = 1668*y - 247. Is z(28) a composite number?
False
Let c = -11517 + 22202. Is c prime?
False
Suppose -3*x = -f - 3446, 0 = -2*f - 3*f - 10. Suppose -4*l = 2*y + 766, 7*l = 3*y + 12*l + x. Let j = 826 + y. Is j a prime number?
False
Let u(f) = -12*f - 29. Let d(g) = 13*g**2 + 11*g - 21. Let a(k) = -15*k**2 - 11*k + 21. Let c(s) = 6*a(s) + 7*d(s). Let y be c(-11). Is u(y) a prime number?
True
Let y be (-5 - -5) + (-2 - -5063). Let n = -464 - -3199. Let p = y - n. Is p a composite number?
True
Let s(n) = n**3 + 3*n**2 - 8*n - 2. Let o be s(-5). Let r(b) = -17*b - 77. Is r(o) a prime number?
True
Is (-52)/((-2184)/(-4304790))*((-10)/(-6) - 2) a prime number?
False
Let o(s) = -s**2 + 9*s - 5. Let a be o(5). Let g = -122 + a. Let d = 216 - g. Is d prime?
False
Let m = 347 - -237. Let t(f) = 74*f + 1. Let h be t(-4). Let k = m + h. Is k a composite number?
True
Suppose -5*u - 5*h = -29 + 134, -5*u - 2*h = 102. Is (-24267)/(-5) + 8/u a composite number?
True
Let b(x) = -x**3 + 8*x**2 - 7*x - 2. Let m be b(7). Is (4376/(-16) + -5)/(m/4) a prime number?
True
Suppose 0 = -9*u + 4*u + 180. Let o = 36 - u. Suppose o = -5*p + 5*d + 1140, 111 = 2*p - 4*d - 355. Is p composite?
False
Let r be (289 - (0 - -3))*1. Suppose -s = -r - 1075. Is s composite?
False
Let l(h) = -8*h + 4. Let g be l(3). Let j be (-4)/(-4 - g) + (-51)/(-12). Suppose 3*t = -j*r + 1189, 0*r + 1169 = 3*t - r. Is t prime?
False
Suppose -6*n + 5*n = -28. Suppose g - n = 4. Suppose -5*c + c = 3*a - 98, -2*c + g = a. Is a a prime number?
False
Let b(a) = -a**3 - 5*a**2 + a + 5. Let u be b(-4). Let w be (12/5)/(2/u*-3). Suppose 0 = -2*s + w + 152. Is s composite?
False
Is 34366975/237 - 4/(-6) a prime number?
True
Suppose 0 = 115*i - 110*i - 54475. Suppose -2600 = -5*j + i. Is j prime?
True
Suppose 14*s - 6*s - 24 = 0. Suppose 6*o = -s*o - 4302. Let c = o + 1560. Is c prime?
False
Let j = 8287 + 1529. Suppose 4*p - j = 27124. Is p a composite number?
True
Suppose 4*b = -3*r + 41208, -4*r + 27461 = -2*r - b. Suppose -r = -60*k + 56*k. Is k a composite number?
False
Is (585368 + 6/3)*-1*(-15)/30 a composite number?
True
Suppose -8*k - 9*k = 8517. Let y = 1352 + k. Is y composite?
True
Let b be (198 - 64) + -10 + 2. Is 1998 - ((-82)/533 + b/(-26)) a composite number?
False
Let s(y) = -7067*y + 669. Is s(-4) composite?
True
Let c = 193511 + -96840. Is c composite?
False
Suppose -2714 = i - 2*q, -5*q + 10868 = -0*i - 4*i. Let w = 5369 + i. Is w a composite number?
False
Let z(r) = 3321*r - 8750. Is z(173) composite?
True
Let a be (1*53315)/(2/(-4)). Is (a/(-40))/((2 - 5)/(-12)) a composite number?
False
Let n(c) = 3*c**3 - 13*c**2 + 14*c - 91. Is n(20) a composite number?
True
Let k(q) = 4*q - 32. Let a be k(2). Is (-17379)/12*a/18 a prime number?
True
Suppose 164*o = 36*o + 778368. Is o composite?
True
Suppose 3*r - 6 = -3*c, -2*r + 3*r = -3*c - 2. Suppose -2*s + 24 = -5*w + w, -5*s + 74 = r*w. Suppose 9*a + 18455 = s*a. Is a prime?
True
Suppose -56*k + 170995 + 1458991 - 18138 = 0. Is k composite?
True
Suppose 2*t = 4*y + 10 - 0, -y = 2*t - 10. Suppose y = 6*p - 6 + 12. Is (-4 + -3 - 685)/(-1 + p) a composite number?
True
Suppose 35*k = 376629 + 66541. Let y = k + -6388. Is y a composite number?
True
Let o(r) = -r + 3*r**2 - 25 - 49 - 2*r**2 - 2*r + 11. Is o(25) composite?
False
Let s(k) = -40*k + 13979. Is s(31) prime?
True
Let b(j) = 1413*j**2 - 2*j. Let i be b(-5). Suppose 0 = 44*g - 49*g + i. Is g composite?
True
Is 1257121/21 - (-20)/210 a composite number?
False
Let g be (-1)/(((-4)/(-6))/(56/(-21))). Suppose 959 = g*x + 67. Is x composite?
False
Let o(a) = 317*a - 21. Let z be o(1). Suppose 8*l - z + 120 = 0. Is l composite?
True
Is 1 - 1 - (-11)/((-187)/(-24455333)) a composite number?
True
Suppose 7*l + 5 + 128 = 0. Let j = -25 - l. Is (-172)/j*(-15)/(-10) prime?
True
Let g(s) = -139*s**3 + 3*s**2 - 6*s - 5. Let c be g(-3). Let z = c + -2276. Is z composite?
True
Let p be 3/6 + (-80268)/(-8). Is (20 + -18)/(4/p) composite?
True
Let i(l) = l**3 - 25*l**2 + 25*l - 24. Let z be i(24). Suppose -5*w = -4*r + 39, z = -0*r + 3*r - 2*w - 24. Suppose 612 = r*m - 3270. Is m a prime number?
True
Let x(o) = -5146*o - 1171. Is x(-7) a prime number?
False
Suppose -4*f - 14 = 22. Is (f/(-6) + 1)*(-61096)/(-28) prime?
False
Suppose 96 = 4*s - 4. Let b = s + -15. Let t(a) = 2*a**2 + 5*a - 24. Is t(b) a prime number?
False
Let p = 104 + -104. Suppose -2*s + 5*u + 466 = -1397, 3*s - 2804 = -2*u. Suppose l - 3*l + s = p. Is l composite?
False
Is (-2)/((-4)/(-14))*(-5134 + (-57 - -78)) a composite number?
True
Let m(r) = 328*r**2 - 2*r - 3. Let d be m(2). Suppose 24 = 4*j + 4. Suppose -2*u - 6429 = -5*v - 3*u, -d = -v - j*u. Is v composite?
True
Let h(o) = o**3 + 2*o**2 - o + 4. Let j be (-2)/7 + (-18)/(-63). Let t be h(j). Suppose t*u = 44 + 12. Is u composite?
True
Let p(r) = 40048*r**3 - r**2 - 1. Let u be p(-1). Let o be u/55 + (-60)/33 + 2. Let w = 41 - o. Is w a composite number?
False
Suppose -2*k - 4*d = -19 + 5, 0 = d + 2. Let u = -11 + k. Suppose 363 = 3*j - u*j. Is j a prime number?
False
Let a(j) = 23*j**2 - j + 121*j**3 - j + 1 - 22*j**2 + 467*j**3. Let n be a(1). Let c = n - 373. Is c prime?
False
Let o = 23454 - -22205. Is o a composite number?
False
Is ((-1)/6*2)/(112/(-21248976)) a prime number?
True
Let k(o) = o**2 + 4*o + 5. Let p be k(-4). Suppo